13?
12
What is the remainder when 521 is divided by 514?
7
What is the remainder when 691 is divided by 341?
9
Calculate the remainder when 201 is divided by 24.
9
What is the remainder when 54 is divided by 49?
5
What is the remainder when 26 is divided by 11?
4
Calculate the remainder when 241 is divided by 22.
21
What is the remainder when 970 is divided by 940?
30
What is the remainder when 87 is divided by 20?
7
Calculate the remainder when 185 is divided by 109.
76
What is the remainder when 9642 is divided by 3213?
3
Calculate the remainder when 235 is divided by 16.
11
Calculate the remainder when 172 is divided by 16.
12
Calculate the remainder when 2478 is divided by 67.
66
Calculate the remainder when 95 is divided by 54.
41
What is the remainder when 28 is divided by 19?
9
What is the remainder when 1614 is divided by 179?
3
What is the remainder when 142 is divided by 59?
24
What is the remainder when 345 is divided by 49?
2
What is the remainder when 113 is divided by 41?
31
What is the remainder when 265 is divided by 14?
13
Calculate the remainder when 869 is divided by 215.
9
What is the remainder when 730 is divided by 293?
144
Calculate the remainder when 3345 is divided by 31.
28
Calculate the remainder when 318 is divided by 82.
72
What is the remainder when 323 is divided by 83?
74
What is the remainder when 5093 is divided by 196?
193
What is the remainder when 144 is divided by 45?
9
What is the remainder when 665 is divided by 86?
63
What is the remainder when 1208 is divided by 282?
80
What is the remainder when 1054 is divided by 270?
244
What is the remainder when 46 is divided by 8?
6
Calculate the remainder when 469 is divided by 106.
45
Calculate the remainder when 295 is divided by 27.
25
Calculate the remainder when 10197 is divided by 136.
133
Calculate the remainder when 90 is divided by 1.
0
Calculate the remainder when 536 is divided by 255.
26
What is the remainder when 573 is divided by 186?
15
Calculate the remainder when 290 is divided by 38.
24
What is the remainder when 105 is divided by 22?
17
What is the remainder when 5410 is divided by 1081?
5
What is the remainder when 592 is divided by 294?
4
Calculate the remainder when 4296 is divided by 857.
11
Calculate the remainder when 1735 is divided by 80.
55
What is the remainder when 430 is divided by 151?
128
What is the remainder when 12 is divided by 5?
2
What is the remainder when 435 is divided by 12?
3
What is the remainder when 322 is divided by 12?
10
Calculate the remainder when 2095 is divided by 81.
70
What is the remainder when 185 is divided by 7?
3
What is the remainder when 16182 is divided by 65?
62
What is the remainder when 460 is divided by 91?
5
Calculate the remainder when 1186 is divided by 11.
9
What is the remainder when 763 is divided by 83?
16
Calculate the remainder when 3400 is divided by 6.
4
Calculate the remainder when 1531 is divided by 118.
115
What is the remainder when 81 is divided by 22?
15
What is the remainder when 1056 is divided by 53?
49
Calculate the remainder when 869 is divided by 29.
28
What is the remainder when 202 is divided by 73?
56
What is the remainder when 274 is divided by 29?
13
Calculate the remainder when 1213 is divided by 45.
43
What is the remainder when 469 is divided by 91?
14
What is the remainder when 475 is divided by 84?
55
What is the remainder when 1247 is divided by 392?
71
Calculate the remainder when 1637 is divided by 21.
20
Calculate the remainder when 585 is divided by 29.
5
What is the remainder when 3540 is divided by 273?
264
What is the remainder when 349 is divided by 8?
5
Calculate the remainder when 290 is divided by 150.
140
What is the remainder when 233 is divided by 27?
17
Calculate the remainder when 888 is divided by 11.
8
What is the remainder when 808 is divided by 210?
178
What is the remainder when 434 is divided by 135?
29
Calculate the remainder when 287 is divided by 137.
13
Calculate the remainder when 192 is divided by 61.
9
Calculate the remainder when 762 is divided by 45.
42
What is the remainder when 3103 is divided by 282?
1
Calculate the remainder when 127 is divided by 13.
10
What is the remainder when 77 is divided by 31?
15
Calculate the remainder when 130 is divided by 18.
4
What is the remainder when 900 is divided by 11?
9
Calculate the remainder when 888 is divided by 441.
6
What is the remainder when 417 is divided by 30?
27
Calculate the remainder when 6104 is divided by 31.
28
Calculate the remainder when 700 is divided by 27.
25
What is the remainder when 944 is divided by 72?
8
Calculate the remainder when 732 is divided by 105.
102
What is the remainder when 346 is divided by 16?
10
What is the remainder when 365 is divided by 23?
20
Calculate the remainder when 138 is divided by 64.
10
What is the remainder when 187 is divided by 48?
43
Calculate the remainder when 200 is divided by 67.
66
What is the remainder when 13649 is divided by 35?
34
Calculate the remainder when 335 is divided by 28.
27
Calculate the remainder when 1457 is divided by 34.
29
What is the remainder when 45 is divided by 38?
7
Calculate the remainder when 2104 is divided by 39.
37
What is the remainder when 502 is divided by 18?
16
Calculate the remainder when 218 is divided by 44.
42
What is the remainder when 34 is divided by 8?
2
Calculate the remainder when 8091 is divided by 71.
68
What is the remainder when 223 is divided by 9?
7
What is the remainder when 598 is divided by 75?
73
Calculate the remainder when 577 is divided by 159.
100
What is the remainder when 894 is divided by 232?
198
What is the remainder when 237 is divided by 6?
3
Calculate the remainder when 103 is divided by 27.
22
What is the remainder when 274 is divided by 113?
48
What is the remainder when 133 is divided by 97?
36
What is the remainder when 99 is divided by 64?
35
What is the remainder when 179 is divided by 34?
9
What is the remainder when 1035 is divided by 134?
97
What is the remainder when 103 is divided by 56?
47
Calculate the remainder when 776 is divided by 124.
32
What is the remainder when 578 is divided by 10?
8
What is the remainder when 41 is divided by 11?
8
Calculate the remainder when 651 is divided by 1.
0
What is the remainder when 93 is divided by 41?
11
What is the remainder when 12275 is divided by 93?
92
What is the remainder when 1735 is divided by 7?
6
Calculate the remainder when 140 is divided by 16.
12
What is the remainder when 454 is divided by 223?
8
Calculate the remainder when 152 is divided by 27.
17
What is the remainder when 647 is divided by 27?
26
What is the remainder when 533 is divided by 130?
13
Calculate the remainder when 140 is divided by 39.
23
Calculate the remainder when 99 is divided by 27.
18
Calculate the remainder when 55660 is divided by 15.
10
Calculate the remainder when 539 is divided by 27.
26
Calculate the remainder when 99 is divided by 65.
34
Calculate the remainder when 2445 is divided by 68.
65
What is the remainder when 1719 is divided by 186?
45
Calculate the remainder when 191 is divided by 8.
7
Calculate the remainder when 26607 is divided by 23.
19
Calculate the remainder when 637 is divided by 231.
175
What is the remainder when 3338 is divided by 237?
20
Calculate the remainder when 55 is divided by 14.
13
Calculate the remainder when 321 is divided by 14.
13
What is the remainder when 165 is divided by 52?
9
Calculate the remainder when 1186 is divided by 11.
9
What is the remainder when 65 is divided by 34?
31
What is the remainder when 37 is divided by 19?
18
What is the remainder when 951 is divided by 302?
45
What is the remainder when 567 is divided by 38?
35
What is the remainder when 103 is divided by 23?
11
What is the remainder when 119 is divided by 4?
3
Calculate the remainder when 14 is divided by 11.
3
Calculate the remainder when 72 is divided by 21.
9
What is the remainder when 245 is divided by 219?
26
Calculate the remainder when 86 is divided by 57.
29
Calculate the remainder when 1427 is divided by 6.
5
Calculate the remainder when 259 is divided by 90.
79
Calculate the remainder when 422 is divided by 8.
6
Calculate the remainder when 57 is divided by 12.
9
What is the remainder when 211 